 Give y(8).
-127
Let b(h) = -97*h + 3341. Give b(35).
-54
Let w(n) = -21*n**3 + 4*n**2 + 4*n - 4. Determine w(2).
-148
Let q(k) = -73*k - 670. What is q(-9)?
-13
Let f(i) = -256*i + 4309. Give f(17).
-43
Let f(o) = 3*o**2 - 49*o + 120. Give f(11).
-56
Let d(k) = 2*k**3 + 58*k**2 + 74*k + 2128. What is d(-29)?
-18
Let k(f) = -4*f**2 + 60*f - 205. Give k(8).
19
Let n(p) = -5*p**2 + 44*p - 7. Determine n(9).
-16
Let t(n) = n**2 - 2*n + 28. Calculate t(-6).
76
Let u(j) = -388*j - 3867. Calculate u(-10).
13
Let j(t) = -t**3 - 74*t**2 + t + 86. What is j(-74)?
12
Let k(l) = 33*l - 174. Calculate k(6).
24
Let u(m) = -108*m + 859. Determine u(8).
-5
Let s(o) = -8*o + 55. Give s(-5).
95
Let o(x) = 4*x**2 + 20*x + 44. What is o(-8)?
140
Let b(p) = -100*p + 663. Give b(7).
-37
Let o(n) = -126*n + 32. Give o(3).
-346
Let p(o) = -o**3 - 11*o**2 + 53*o + 30. Determine p(-14).
-124
Let p(d) = 1652*d + 9903. Give p(-6).
-9
Let a(s) = -20*s + 698. What is a(52)?
-342
Let i(z) = 3*z**2 - 69*z + 51. Determine i(22).
-15
Let g(c) = c**2 - 4381*c + 21870. Determine g(5).
-10
Let l(a) = -3*a**3 + 40*a**2 + 70*a + 66. Determine l(15).
-9
Let j(i) = -i**3 - 5*i**2 + 177*i + 875. Calculate j(-5).
-10
Let d(z) = -z**3 + 24*z**2 - 85*z + 29. Determine d(20).
-71
Let f(t) = 3*t**2 + 11*t - 64. Give f(0).
-64
Let y(d) = -37*d - 42. What is y(-5)?
143
Let p(m) = -2*m**3 - 18*m**2 + 17*m - 9. What is p(-10)?
21
Let n(u) = -u**3 + 38*u**2 - 40*u - 24. Determine n(37).
-135
Let x(k) = -43*k**2 - 27*k - 26. Determine x(-1).
-42
Let b(t) = 2*t**2 - 46*t - 589. Calculate b(32).
-13
Let o(m) = -5*m**2 - 6*m + 45. What is o(-7)?
-158
Let r(x) = x**2 - 5*x - 54. Give r(6).
-48
Let s(x) = 2*x**2 + 38*x - 89. Give s(-19).
-89
Let d(a) = a**3 - 2*a**2 + a - 16. Give d(5).
64
Let p(t) = 22*t + 3187. Calculate p(-149).
-91
Let k(a) = -40*a**3 + 759*a**2 + 21*a - 43. Calculate k(19).
-5
Let c(d) = d**3 + 2*d**2 + 68*d + 548. Give c(-6).
-4
Let b(y) = -7*y**3 + 21*y**2 - 7*y + 2. What is b(0)?
2
Let b(c) = -12*c - 89. Calculate b(-2).
-65
Let v(y) = 12*y**3 + 10*y**2 - 10*y - 3. Determine v(2).
113
Let z(m) = -31*m + 502. Give z(16).
6
Let d(s) = -s**3 + 12*s**2 - 30*s + 358. Calculate d(12).
-2
Let x(m) = 17*m + 169. What is x(7)?
288
Let z(d) = 2*d**2 - 63*d + 39. Determine z(31).
8
Let b(x) = x**3 - 17*x**2 - 20*x + 37. Calculate b(18).
1
Let m(s) = s**2 + 23*s - 442. Give m(12).
-22
Let i(l) = -15*l + 462. Determine i(46).
-228
Let c(n) = -n**3 - 5*n**2 + 58*n + 6. Determine c(8).
-362
Let o(l) = l**3 - 15*l**2 - 35*l - 335. What is o(18)?
7
Let w(s) = s**3 - 25*s**2 - 84*s - 1. Calculate w(28).
-1
Let w(f) = 2*f**2 - 510*f - 5293. Determine w(-10).
7
Let w(x) = 813*x - 3172. Calculate w(4).
80
Let d(c) = c**2 - 60*c - 317. Calculate d(-5).
8
Let j(i) = 22*i**2 - 99*i - 3. What is j(3)?
-102
Let c(j) = 35*j + 368. What is c(-12)?
-52
Let s(x) = -x**2 - 187*x + 10465. What is s(-232)?
25
Let x(m) = m**3 - 12*m**2 - 42*m - 51. Calculate x(15).
-6
Let q(u) = -216*u + 14070. Determine q(65).
30
Let q(r) = r**3 - 7*r**2 - r + 33. Determine q(5).
-22
Let w(m) = -5*m**3 + 49*m**2 + 11*m - 7. What is w(10)?
3
Let i(l) = l**3 + 68*l**2 - l - 61. Determine i(-68).
7
Let d(f) = -40*f - 3798. Give d(-95).
2
Let o(u) = -u**2 - 824*u - 12165. What is o(-15)?
-30
Let d(b) = 44*b + 132. What is d(-3)?
0
Let s(j) = -j**2 - 60*j + 1395. Calculate s(18).
-9
Let x(g) = -4*g - 69. Calculate x(-14).
-13
Let k(b) = -2306*b + 4606. Calculate k(2).
-6
Let i(q) = -23*q**3 + 23*q**2 + 3*q - 2. Determine i(1).
1
Let y(m) = -m**3 + 21*m**2 + 13*m + 66. Determine y(22).
-132
Let i(a) = 4*a**3 - 9*a**2 - 28*a - 13. Calculate i(-4).
-301
Let h(o) = 28*o + 103. Give h(-11).
-205
Let z(m) = -m**2 + 146*m - 5122. Determine z(93).
-193
Let j(s) = s**3 + 84*s**2 - 89*s + 59. Calculate j(-85).
399
Let k(t) = 938*t + 149140. Calculate k(-159).
-2
Let k(c) = c**3 - 10*c**2 + 5*c - 104. Calculate k(11).
72
Let w(t) = t**3 - 32*t**2 + 161*t + 88. Give w(25).
-262
Let l(a) = -133*a**2 - 8775*a + 117. What is l(-66)?
-81
Let l(x) = 2*x**2 - 1730*x + 40355. Calculate l(24).
-13
Let k(b) = -27*b**2 - 10*b + 35. Give k(3).
-238
Let t(y) = -26*y + 389. Calculate t(13).
51
Let a(f) = -105*f**2 - 41*f + 46. Determine a(1).
-100
Let a(k) = -544*k**3 + k**2 + 16*k - 18. Give a(1).
-545
Let r(b) = -116*b - 1759. Give r(-15).
-19
Let r(q) = 63*q - 380. Determine r(6).
-2
Let v(n) = n**2 - 13*n - 546. What is v(0)?
-546
Let h(b) = -2*b**2 + 42*b - 3. Determine h(21).
-3
Let x(i) = 169*i**2 + 1195*i - 14. What is x(-7)?
-98
Let x(k) = k**2 - 15*k - 11. What is x(22)?
143
Let i(q) = -q**2 - 78*q - 638. What is i(-9)?
-17
Let s(c) = -2*c**2 + 151*c + 610. Give s(79).
57
Let t(a) = a**3 - 63*a**2 + 124*a - 134. What is t(61)?
-12
Let z(k) = -2311*k + 6945. Calculate z(3).
12
Let q(t) = 431*t - 409. What is q(1)?
22
Let y(j) = -j**2 + 26*j + 47. Determine y(28).
-9
Let p(u) = -38*u - 576. What is p(-9)?
-234
Let i(g) = 231*g + 1701. Calculate i(-7).
84
Let m(a) = -4*a**2 - 224*a - 883. What is m(-52)?
-51
Let c(x) = -7*x**2 - 168*x - 971. Give c(-13).
30
Let v(o) = -2*o**3 - o**2 + 14*o - 24. Determine v(2).
-16
Let o(g) = -727*g - 11634. Calculate o(-16).
-2
Let v(n) = -2*n**2 + 7*n + 30. Determine v(-6).
-84
Let x(r) = 28*r + 163. What is x(-6)?
-5
Let n(s) = -s**2 + 841*s + 15441. Give n(-18).
-21
Let g(i) = 26*i**3 + 5*i**2 - 6. Determine g(-2).
-194
Let n(d) = -174*d - 1202. Give n(-7).
16
Let n(s) = s**3 + 4*s**2 - 39*s - 234. Give n(-6).
-72
Let t(b) = -2*b**2 - 77*b - 160. What is t(-2)?
-14
Let i(t) = 935*t - 13999. Give i(15).
26
Let o(i) = -15201*i - 76005. Calculate o(-5).
0
Let n(u) = -76*u - 188. Determine n(-2).
-36
Let w(r) = 44*r - 2. What is w(-11)?
-486
Let b(a) = 2*a**3 + 31*a**2 - 10*a - 992. What is b(-13)?
-17
Let i(q) = q**2 + 32*q + 27. Determine i(-17).
-228
Let g(b) = -125*b + 4623. Determine g(37).
-2
Let s(x) = -x**3 - 34*x**2 - 2*x - 35. What is s(-34)?
33
Let d(k) = -k**2 + 45*k - 443. Determine d(15).
7
Let w(m) = -98*m**3 + 3*m**2 - 16*m + 12. Calculate w(1).
-99
Let j(g) = -1100*g + 1095. Calculate j(1).
-5
Let w(a) = -712*a + 1369. Give w(2).
-55
Let w(v) = 6*v**3 - 4*v**2 - 11*v + 58. Determine w(3).
151
Let z(p) = p**3 - 2*p - 226. Give z(0).
-226
Let y(w) = w**2 + 19*w + 26. What is y(-14)?
-44
Let h(r) = 8842*r + 44217. Calculate h(-5).
7
Let g(r) = 10*r + 395. Determine g(-25).
145
Let j(t) = t**2 - 41*t + 407. Determine j(15).
17
Let o(y) = y**3 + 19*y**2 - 17*y - 513. What is o(-18)?
117
Let p(h) = 10*h + 949. Determine p(-97).
-21
Let w(i) = i**3 - 20*i**2 - 130*i - 2. Calculate w(-5).
23
Let g(w) = -20*w**2 + 22*w + 1. Calculate g(3).
-113
Let j(o) = -29*o**2 - 925*o - 63. Calculate j(-32).
-159
Let s(d) = d**2 - 39*d + 297. What is s(30)?
27
Let k(o) = -33*o + 1703. What is k(54)?
-79
Let g(t) = 189*t + 10942. Calculate g(-58).
-20
Let z(k) = 33*k - 76. Determine z(6).
122
Let x(t) = -15*t**2 - 31*t + 3. Give x(6).
-723
Let u(v) = -42*v - 327. Give u(-8).
9
Let p(y) = 483*y - 968. Give p(2).
-2
Let c(h) = -h**3 + 4*h**2 + 10*h + 28. Give c(7).
-49
Let p(k) = -2*k**3 + 22*k**2 - 22*k + 37. Calculate p(10).
17
Let q(p) = -22*p - 992. Give q(-45).
-2
Let i(w) = w**3 - 43*w**2 - 409*w + 63. Give i(51).
12
Let n(k) = 81*k + 160. Give n(-6).
-326
Let w(a) = -a**3 - 23*a**2 - 95*a - 74. Determine w(-18).
16
Let a(f) = -2*f**3 - 28*f**2 + 2*f - 18. Determine a(-14).
-46
Let h(p) = p**3 + 100*p**2 - 7501*p - 142. Calculate h(-150).
8
Let j(o) = -o**3 - 11*o**2 - 69*o - 458. Calculate j(-9).
1
Let t(d) = -6*d**2 + 3*d - 5. Determine t(0).
-5
Let f(c) = 2*c**3 + 18*c**2 + 22*c + 19. Calculate f(-8).
-29
Let v(r) = -1090*r + 2211. Determine v(2).
31
Let k(v) = 5*v**2 - 112*v - 5. Give k(22).
-49
Let f(s) = -s**3 + 12*s - 16. What is f(-5)?
49
Let x(l) = -2*l**3 - 112*l**2 + 6*l + 333. Calculate x(-56).
-3
Let i(v) = -v**2 + v + 241. Give i(-15).
1
Let x(r) = -r**2 - 65*r - 135. Give x(-60).
165
Let c(v) = 3*v**2 - 58*v + 285. Calculate c(11).
10
Let n(a) = 2*a**3 - 4*a**2 + 243*a - 729. What is n(3)?
18
Let y(x) = x**3 + 74*x**2 - 72*x + 228. Calculate y(-75).
3
Let u(b) = 12*b**3 + b - 2. What is u(1)?
11
Let s(d) = -218*d + 9561. Calculate s(44).
-31
Let v(m) = 238*m + 4510. Determine v(-19).
-12
Let p(b